{"id":1297,"date":"2026-08-23T17:58:40","date_gmt":"2026-08-23T14:58:40","guid":{"rendered":"https:\/\/dipenda.es\/?post_type=tribe_events&#038;p=1297"},"modified":"2026-08-23T17:58:40","modified_gmt":"2026-08-23T14:58:40","slug":"pic-de-bastiments-2-800m-desde-vallter","status":"publish","type":"tribe_events","link":"https:\/\/dipenda.es\/index.php\/event\/pic-de-bastiments-2-800m-desde-vallter\/","title":{"rendered":"Pic de Bastiments (2.800m) desde Vallter"},"content":{"rendered":"<p data-start=\"56\" data-end=\"152\">Nos vamos al <strong data-start=\"69\" data-end=\"93\">Bastiments (2.881 m)<\/strong>, una de las cimas m\u00e1s emblem\u00e1ticas del Pirineo catal\u00e1n. \ud83d\udc3e<\/p>\n<p data-start=\"154\" data-end=\"293\">Una ruta de alta monta\u00f1a, con paisajes brutales, bastante desnivel y un objetivo claro: <strong data-start=\"242\" data-end=\"293\">subir juntos hasta casi tocar los 3.000 metros.<\/strong><\/p>\n<p data-start=\"295\" data-end=\"413\">No hace falta ser un monta\u00f1ero experto, pero s\u00ed venir con ganas y con un perro acostumbrado a rutas largas y desnivel.<\/p>\n<h3 class=\"PDq2pG_selectionAnchorContainer\" data-section-id=\"17w6pae\" data-start=\"0\" data-end=\"54\">\u00bfTu perro est\u00e1 preparado para su primer 2.800?<\/h3>\n<p>&nbsp;<\/p>\n<p><strong>INFO RUTA:<\/strong><\/p>\n<p><strong>Distancia:<\/strong> 11km<\/p>\n<p><strong>Tipo:<\/strong> circular<\/p>\n<p><strong>Desnivel positivo:<\/strong> 800m<\/p>\n<p><strong>Duraci\u00f3n: <\/strong>7-8h<\/p>\n<p><strong>Dificultad:<\/strong> media-dif\u00edcil<\/p>\n<p>&nbsp;<\/p>\n<p><img fetchpriority=\"high\" decoding=\"async\" class=\"alignnone size-medium wp-image-1298\" src=\"https:\/\/dipenda.es\/wp-content\/uploads\/2026\/08\/20241115_134001-169x300.jpg\" alt=\"20241115 134001\" width=\"169\" height=\"300\" srcset=\"https:\/\/dipenda.es\/wp-content\/uploads\/2026\/08\/20241115_134001-169x300.jpg 169w, https:\/\/dipenda.es\/wp-content\/uploads\/2026\/08\/20241115_134001-577x1024.jpg 577w, https:\/\/dipenda.es\/wp-content\/uploads\/2026\/08\/20241115_134001-768x1364.jpg 768w, https:\/\/dipenda.es\/wp-content\/uploads\/2026\/08\/20241115_134001-865x1536.jpg 865w, https:\/\/dipenda.es\/wp-content\/uploads\/2026\/08\/20241115_134001-1153x2048.jpg 1153w, https:\/\/dipenda.es\/wp-content\/uploads\/2026\/08\/20241115_134001-scaled.jpg 1441w\" sizes=\"(max-width: 169px) 100vw, 169px\" \/><\/p>\n","protected":false},"excerpt":{"rendered":"<p>Nos vamos al Bastiments (2.881 m), una de las cimas m\u00e1s emblem\u00e1ticas del Pirineo catal\u00e1n. \ud83d\udc3e Una ruta de alta monta\u00f1a, con paisajes brutales, bastante desnivel y un objetivo claro: [&hellip;]<\/p>\n","protected":false},"author":1,"featured_media":0,"template":"","meta":{"_tribe_events_status":"","_tribe_events_status_reason":"","footnotes":""},"tags":[],"tribe_events_cat":[],"class_list":["post-1297","tribe_events","type-tribe_events","status-publish","hentry"],"_links":{"self":[{"href":"https:\/\/dipenda.es\/index.php\/wp-json\/wp\/v2\/tribe_events\/1297","targetHints":{"allow":["GET"]}}],"collection":[{"href":"https:\/\/dipenda.es\/index.php\/wp-json\/wp\/v2\/tribe_events"}],"about":[{"href":"https:\/\/dipenda.es\/index.php\/wp-json\/wp\/v2\/types\/tribe_events"}],"author":[{"embeddable":true,"href":"https:\/\/dipenda.es\/index.php\/wp-json\/wp\/v2\/users\/1"}],"version-history":[{"count":1,"href":"https:\/\/dipenda.es\/index.php\/wp-json\/wp\/v2\/tribe_events\/1297\/revisions"}],"predecessor-version":[{"id":1299,"href":"https:\/\/dipenda.es\/index.php\/wp-json\/wp\/v2\/tribe_events\/1297\/revisions\/1299"}],"wp:attachment":[{"href":"https:\/\/dipenda.es\/index.php\/wp-json\/wp\/v2\/media?parent=1297"}],"wp:term":[{"taxonomy":"post_tag","embeddable":true,"href":"https:\/\/dipenda.es\/index.php\/wp-json\/wp\/v2\/tags?post=1297"},{"taxonomy":"tribe_events_cat","embeddable":true,"href":"https:\/\/dipenda.es\/index.php\/wp-json\/wp\/v2\/tribe_events_cat?post=1297"}],"curies":[{"name":"wp","href":"https:\/\/api.w.org\/{rel}","templated":true}]}}

<p data-start="56" data-end="152">Nos vamos al <strong data-start="69" data-end="93">Bastiments (2.881 m)</strong>, una de las cimas más emblemáticas del Pirineo catalán. 🐾</p>
<p data-start="154" data-end="293">Una ruta de alta montaña, con paisajes brutales, bastante desnivel y un objetivo claro: <strong data-start="242" data-end="293">subir juntos hasta casi tocar los 3.000 metros.</strong></p>
<p data-start="295" data-end="413">No hace falta ser un montañero experto, pero sí venir con ganas y con un perro acostumbrado a rutas largas y desnivel.</p>
<h3 class="PDq2pG_selectionAnchorContainer" data-section-id="17w6pae" data-start="0" data-end="54">¿Tu perro está preparado para su primer 2.800?</h3>
<p>&nbsp;</p>
<p><strong>INFO RUTA:</strong></p>
<p><strong>Distancia:</strong> 11km</p>
<p><strong>Tipo:</strong> circular</p>
<p><strong>Desnivel positivo:</strong> 800m</p>
<p><strong>Duración: </strong>7-8h</p>
<p><strong>Dificultad:</strong> media-difícil</p>
<p>&nbsp;</p>
<p><img fetchpriority="high" decoding="async" class="alignnone size-medium wp-image-1298" src="https://dipenda.es/wp-content/uploads/2026/08/20241115_134001-169x300.jpg" alt="20241115 134001" width="169" height="300" srcset="https://dipenda.es/wp-content/uploads/2026/08/20241115_134001-169x300.jpg 169w, https://dipenda.es/wp-content/uploads/2026/08/20241115_134001-577x1024.jpg 577w, https://dipenda.es/wp-content/uploads/2026/08/20241115_134001-768x1364.jpg 768w, https://dipenda.es/wp-content/uploads/2026/08/20241115_134001-865x1536.jpg 865w, https://dipenda.es/wp-content/uploads/2026/08/20241115_134001-1153x2048.jpg 1153w, https://dipenda.es/wp-content/uploads/2026/08/20241115_134001-scaled.jpg 1441w" sizes="(max-width: 169px) 100vw, 169px" /></p>

<p>Nos vamos al Bastiments (2.881 m), una de las cimas más emblemáticas del Pirineo catalán. 🐾 Una ruta de alta montaña, con paisajes brutales, bastante desnivel y un objetivo claro: [&hellip;]</p>
