{"id":1289,"date":"2026-08-23T17:31:31","date_gmt":"2026-08-23T14:31:31","guid":{"rendered":"https:\/\/dipenda.es\/?post_type=tribe_events&#038;p=1289"},"modified":"2026-08-29T17:31:15","modified_gmt":"2026-08-29T14:31:15","slug":"ruta-matinal-prat-del-cadi","status":"publish","type":"tribe_events","link":"https:\/\/dipenda.es\/index.php\/event\/ruta-matinal-prat-del-cadi\/","title":{"rendered":"Ruta matinal Prat del Cad\u00ed"},"content":{"rendered":"<p>Ahora que empieza a bajar el calor toca calentar motores para la temporada de oto\u00f1o-invierno, y qu\u00e9 mejor manera que con esta ruta apta para todos los publicos para descubrir esta famosa zona del Cad\u00ed, pero por un sendero distinto al habitual.<\/p>\n<p>&nbsp;<\/p>\n<p><strong>INFO RUTA:<\/strong><\/p>\n<p><strong>Distancia:<\/strong> 7km<\/p>\n<p><strong>Tipo:<\/strong> circular<\/p>\n<p><strong>Desnivel positivo:<\/strong> 400m<\/p>\n<p><strong>Duraci\u00f3n:<\/strong> 4h<\/p>\n<p><strong>Dificultad:<\/strong> f\u00e1cil<\/p>\n<p>&nbsp;<\/p>\n<p><img decoding=\"async\" class=\"alignnone size-medium wp-image-1290\" src=\"https:\/\/dipenda.es\/wp-content\/uploads\/2026\/08\/prat-del-cadi-scaled-1-300x133.jpg\" alt=\"prat del cadi scaled\" width=\"300\" height=\"133\" srcset=\"https:\/\/dipenda.es\/wp-content\/uploads\/2026\/08\/prat-del-cadi-scaled-1-300x133.jpg 300w, https:\/\/dipenda.es\/wp-content\/uploads\/2026\/08\/prat-del-cadi-scaled-1-1024x456.jpg 1024w, https:\/\/dipenda.es\/wp-content\/uploads\/2026\/08\/prat-del-cadi-scaled-1-768x342.jpg 768w, https:\/\/dipenda.es\/wp-content\/uploads\/2026\/08\/prat-del-cadi-scaled-1-1536x683.jpg 1536w, https:\/\/dipenda.es\/wp-content\/uploads\/2026\/08\/prat-del-cadi-scaled-1.jpg 2048w\" sizes=\"(max-width: 300px) 100vw, 300px\" \/><\/p>\n<p>&nbsp;<\/p>\n","protected":false},"excerpt":{"rendered":"<p>Ahora que empieza a bajar el calor toca calentar motores para la temporada de oto\u00f1o-invierno, y qu\u00e9 mejor manera que con esta ruta apta para todos los publicos para descubrir [&hellip;]<\/p>\n","protected":false},"author":1,"featured_media":0,"template":"","meta":{"_tribe_events_status":"","_tribe_events_status_reason":"","footnotes":""},"tags":[],"tribe_events_cat":[],"class_list":["post-1289","tribe_events","type-tribe_events","status-publish","hentry"],"_links":{"self":[{"href":"https:\/\/dipenda.es\/index.php\/wp-json\/wp\/v2\/tribe_events\/1289","targetHints":{"allow":["GET"]}}],"collection":[{"href":"https:\/\/dipenda.es\/index.php\/wp-json\/wp\/v2\/tribe_events"}],"about":[{"href":"https:\/\/dipenda.es\/index.php\/wp-json\/wp\/v2\/types\/tribe_events"}],"author":[{"embeddable":true,"href":"https:\/\/dipenda.es\/index.php\/wp-json\/wp\/v2\/users\/1"}],"version-history":[{"count":2,"href":"https:\/\/dipenda.es\/index.php\/wp-json\/wp\/v2\/tribe_events\/1289\/revisions"}],"predecessor-version":[{"id":1295,"href":"https:\/\/dipenda.es\/index.php\/wp-json\/wp\/v2\/tribe_events\/1289\/revisions\/1295"}],"wp:attachment":[{"href":"https:\/\/dipenda.es\/index.php\/wp-json\/wp\/v2\/media?parent=1289"}],"wp:term":[{"taxonomy":"post_tag","embeddable":true,"href":"https:\/\/dipenda.es\/index.php\/wp-json\/wp\/v2\/tags?post=1289"},{"taxonomy":"tribe_events_cat","embeddable":true,"href":"https:\/\/dipenda.es\/index.php\/wp-json\/wp\/v2\/tribe_events_cat?post=1289"}],"curies":[{"name":"wp","href":"https:\/\/api.w.org\/{rel}","templated":true}]}}

Ruta matinal Prat del Cadí

<p>Ahora que empieza a bajar el calor toca calentar motores para la temporada de otoño-invierno, y qué mejor manera que con esta ruta apta para todos los publicos para descubrir esta famosa zona del Cadí, pero por un sendero distinto al habitual.</p>
<p>&nbsp;</p>
<p><strong>INFO RUTA:</strong></p>
<p><strong>Distancia:</strong> 7km</p>
<p><strong>Tipo:</strong> circular</p>
<p><strong>Desnivel positivo:</strong> 400m</p>
<p><strong>Duración:</strong> 4h</p>
<p><strong>Dificultad:</strong> fácil</p>
<p>&nbsp;</p>
<p><img decoding="async" class="alignnone size-medium wp-image-1290" src="https://dipenda.es/wp-content/uploads/2026/08/prat-del-cadi-scaled-1-300x133.jpg" alt="prat del cadi scaled" width="300" height="133" srcset="https://dipenda.es/wp-content/uploads/2026/08/prat-del-cadi-scaled-1-300x133.jpg 300w, https://dipenda.es/wp-content/uploads/2026/08/prat-del-cadi-scaled-1-1024x456.jpg 1024w, https://dipenda.es/wp-content/uploads/2026/08/prat-del-cadi-scaled-1-768x342.jpg 768w, https://dipenda.es/wp-content/uploads/2026/08/prat-del-cadi-scaled-1-1536x683.jpg 1536w, https://dipenda.es/wp-content/uploads/2026/08/prat-del-cadi-scaled-1.jpg 2048w" sizes="(max-width: 300px) 100vw, 300px" /></p>
<p>&nbsp;</p>

<p>Ahora que empieza a bajar el calor toca calentar motores para la temporada de otoño-invierno, y qué mejor manera que con esta ruta apta para todos los publicos para descubrir [&hellip;]</p>
